{"id":123,"date":"2023-01-20T17:59:56","date_gmt":"2023-01-20T17:59:56","guid":{"rendered":"https:\/\/bookstore.e-ser.online\/?post_type=product&#038;p=123"},"modified":"2023-01-20T18:05:19","modified_gmt":"2023-01-20T18:05:19","slug":"mente-renovada","status":"publish","type":"product","link":"https:\/\/bookstore.e-ser.online\/index.php\/product\/mente-renovada\/","title":{"rendered":"MENTE RENOVADA"},"content":{"rendered":"","protected":false},"excerpt":{"rendered":"<div class=\"kvgmc6g5 cxmmr5t8 oygrvhab hcukyx3x c1et5uql\">Mente Renovada por To\u00f1o del R\u00edo<\/div>\n<div class=\"o9v6fnle cxmmr5t8 oygrvhab hcukyx3x c1et5uql\">Mente Renovada no es un libro m\u00e1s, es mi coraz\u00f3n. En el podr\u00e1s encontrar palabras, quiz\u00e1 que ya has escuchado antes pero que ahora est\u00e1n en hojas para que puedas volver a ellas tantas veces sea necesario.<\/div>\n<div class=\"o9v6fnle cxmmr5t8 oygrvhab hcukyx3x c1et5uql\">Nuestra mente juega un papel tan importante en este caminar con Jes\u00fas, que inevitablemente debe ser atendida. La comodidad puede ser nuestro peor enemigo y vencerla nos llevar\u00e1 tan lejos como podamos so\u00f1ar.<\/div>\n<div class=\"o9v6fnle cxmmr5t8 oygrvhab hcukyx3x c1et5uql\">Mente Renovada golpea a esas mentalidades dentro de nuestras cuatro paredes que pretenden, pero que no lo lograr\u00e1n, frenar el avance de la iglesia, al descubrirlas ser\u00e1 mucho m\u00e1s f\u00e1cil desinstalarlas. La renovaci\u00f3n es un camino de todos los d\u00edas, pero es la mejor forma de comprender la buena, agradable y perfecta voluntad de Dios.<\/div>\n","protected":false},"featured_media":164,"comment_status":"open","ping_status":"closed","template":"","meta":[],"product_cat":[26],"product_tag":[],"_links":{"self":[{"href":"https:\/\/bookstore.e-ser.online\/index.php\/wp-json\/wp\/v2\/product\/123"}],"collection":[{"href":"https:\/\/bookstore.e-ser.online\/index.php\/wp-json\/wp\/v2\/product"}],"about":[{"href":"https:\/\/bookstore.e-ser.online\/index.php\/wp-json\/wp\/v2\/types\/product"}],"replies":[{"embeddable":true,"href":"https:\/\/bookstore.e-ser.online\/index.php\/wp-json\/wp\/v2\/comments?post=123"}],"wp:featuredmedia":[{"embeddable":true,"href":"https:\/\/bookstore.e-ser.online\/index.php\/wp-json\/wp\/v2\/media\/164"}],"wp:attachment":[{"href":"https:\/\/bookstore.e-ser.online\/index.php\/wp-json\/wp\/v2\/media?parent=123"}],"wp:term":[{"taxonomy":"product_cat","embeddable":true,"href":"https:\/\/bookstore.e-ser.online\/index.php\/wp-json\/wp\/v2\/product_cat?post=123"},{"taxonomy":"product_tag","embeddable":true,"href":"https:\/\/bookstore.e-ser.online\/index.php\/wp-json\/wp\/v2\/product_tag?post=123"}],"curies":[{"name":"wp","href":"https:\/\/api.w.org\/{rel}","templated":true}]}}